6?
22
Evaluate 0 + 5 + 5 + 3 + -8.
5
What is the value of -5 + (-3 - -11 - 2 - (-1 - -1))?
1
Calculate -1 - (-28 - -16) - 8.
3
6 - (0 - (-6 - (-3 + -2))) - 5
0
(-20 - (-7 + -9 - -10)) + 1 + -10
-23
(-54 - -47) + (13 - (-3 + 0))
9
What is the value of 7 - 0 - (23 + -6 + -7 + 11)?
-14
Calculate 3 + -10 + -5 + (-15 - -13).
-14
Evaluate 0 - (-8 + -1) - (22 - (52 + -32)).
7
What is 17 + -7 - ((-2 - -10) + 2)?
0
Evaluate 32 + (-4 - 20 - -2).
10
Calculate -16 - -14 - ((4 - 16) + 3).
7
Evaluate (6 - 1) + -20 + 3 + (0 - 7).
-19
Evaluate -6 - (-5 + (6 - -6) + -5 + -7).
-1
Calculate 4 - (-4 + 8 + 4) - 8.
-12
Evaluate (-20 - -16) + 0 + 2 - (0 + -21).
19
What is 22 + -33 - (-49 - -20)?
18
What is -1 + (7 - 19 - (-5 - 5))?
-3
Calculate 3 + (3 + -2 - 8) + -6 + -8.
-18
Evaluate -4 + (-4 - -14 - 7 - (-1 - 2)).
2
What is the value of 65 - (41 + 39) - (2 + -12)?
-5
Evaluate (7 - (-5 - 3)) + -4 + -9.
2
What is -3 + (13 - 3) + 20 + -25 + 13?
15
Evaluate 19 + (-34 + 11 - -4).
0
Calculate -51 - (65 + -19 - 56).
-41
What is 2 + 3 + -8 - -11 - 2?
6
What is the value of 7 + 13 + -6 - 6?
8
What is (-8 - -39 - 5) + 1?
27
39 - 44 - (-2 + 3 - (4 + -2))
-4
8 - (-7 + 35 + -7 - -1)
-14
What is 77 + -89 + (0 - (2 + -2))?
-12
7 + 16 + -8 + 6 + 12
33
What is -8 + (3 - (-6 + 1)) - (-21 + 27)?
-6
Calculate -2 + 3 + 8 + (-29 - (27 + -34)).
-13
-3 + 25 + (-6 - -4) + (51 - 53)
18
What is the value of -114 - -112 - (-3 + (8 - 1))?
-6
What is the value of 2 - (5 + (-16 - (0 + -5)))?
8
(3 - (-2 - -2) - 2) + -8 + -1
-8
Calculate 3 + 1 - ((10 - -15) + -12).
-9
53 - 34 - 64 - -31
-14
Evaluate -9 - (18 - 27 - -10).
-10
Calculate -1 + -9 + (33 - 15 - 14).
-6
What is -24 - (-8 - -2 - ((4 - 19) + 6))?
-27
Calculate -13 + 3 + 0 - (-34 + 28).
-4
What is -2 + (-13 - -20) + 8?
13
-3 - -2 - (-1 + -3) - 2
1
(34 - 0) + (-113 - -101)
22
Evaluate -2 - (316 - 308 - (-1 + (-1 - 1))).
-13
Calculate -28 - (-15 - (23 + -31)).
-21
(-80 - -32 - -40) + 6 + 1 + 0
-1
Evaluate 1 - (3 - 8 - 6) - 48.
-36
What is (-10 - -80) + (-135 - -95)?
30
What is the value of -2 - -6 - (0 - -1) - (-397 - -409)?
-9
What is 321 + -332 + 14 + -1?
2
Evaluate 5 - ((3 - 4) + 9 + 0 + 0).
-3
Calculate -5 - (-16 + 23 + -5).
-7
1 + -1 - (-3 + -13 + 21)
-5
Calculate 3 + -23 + 10 + -1.
-11
Evaluate 16 + -7 + -20 - -22.
11
What is the value of 5 + 4 + -2 + (6 - 3) + 0?
10
Evaluate -1 + -30 + (-15 - (11 + -33)).
-24
13 - (1 + -5) - 21
-4
What is the value of 6 - ((37 - 7) + -14)?
-10
What is 0 + (-1 - (22 - 7))?
-16
What is -7 + 2 + 1 - (3 - -1 - 15)?
7
What is 2 - -2 - (15 + 2 - 0)?
-13
What is the value of -4 + (-6 - (-1 + 3 + -2 + -16))?
6
What is the value of (3 - (-16 + -3)) + (-2 - -12 - 20)?
12
(6 - 10) + -3 - -27 - (6 - 13)
27
Calculate (12 + -9 - -4) + 2.
9
Evaluate (4 - 13) + (-9 - -4) + 0.
-14
(29 - 16) + (-31 + 10 - -9)
1
Calculate -45 + 21 + -28 + 51.
-1
What is -5 + 14 + (-1 - 9 - -8)?
7
(1 - -1) + 6 + -25 + 28
11
What is the value of -12 + 15 - (-4 + 7 - 1)?
1
Evaluate 5 + 21 + (-14 - 2).
10
What is the value of -3 + (13 + -4 - -7)?
13
-5 + 5 + 9 + -7 - -3
5
What is the value of (-1 - (45 + -20)) + 10?
-16
7 + 0 + 38 - (6 - -8)
31
Evaluate 5 + 10 + (9 - 27) + 8.
5
-2 - 6 - (4 + -1 - 3)
-8
Evaluate -11 + -4 + -6 - -10.
-11
What is the value of 34 - (-29 - (-20 + -10))?
33
6 - (-26 + 20 + -4)
16
What is the value of (-67 + 39 - (-1 + 0)) + 6?
-21
Calculate 24 - 3 - (70 - 58).
9
Evaluate -14 - (-28 + 13 - -1 - 1).
1
30 + -3 + 2 + (-5 - -1) + -8
17
-24 + 11 + -1 + (1 - 18)
-31
Calculate -10 - (1 + 6 + -3 + 3).
-17
Evaluate (15 - -21) + -2 + 21 + -28.
27
What is the value of -47 + 43 + (2 - 3) + 2 + -2?
-5
What is the value of (7 + -15 - (-10 + 13)) + 13?
2
-19 + 1 - (-2462 - -2435)
9
(2 - -1 - 1) + (255 - 248)
9
(-3 - 1) + (-10 + 7 - -10)
3
What is the value of 20 + (11 - 40 - -30)?
21
Calculate -56 + 3 + 4 - (-66 + 47).
-30
1 + 0 - (42 - (-8 - (8 - 21)))
-36
What is the value of -9 + (35 - 13 - (1 + -2))?
14
What is the value of -19 + 8 + 4 + 1 + -3?
-9
Evaluate -1 + (6 + (-9 - -5) - (-6 + 1)).
6
Calculate -1 + 11 + -13 + (-8 - -20).
9
Calculate 602 + -587 - (6 - (2 + 1)).
12
Calculate 0 - 36 - (82 + -110).
-8
What is the value of (17 + -25 - -16) + -16 + -1?
-9
(11 - (13 - -4)) + (3 + 31 - 5)
23
(9 - (-4 - -19) - 15) + (6 - -1)
-14
276 + -309 - (-22 + 2)
-13
What is -14 - (6 - 6) - -17 - (24 - -1)?
-22
Calculate -13 - (-1 - (-16 - (-1 + -2 + -6))).
-19
-8 - (3 + (-15 - -20) + -2 + -1)
-13
What is the value of (2 - (14 + -5)) + (11 - 0) + 1?
5
Calculate -23 + 46 + -28 - -15.
10
What is -27 + (-30 - -43) - (1 - 21)?
6
-5 + -21 + 38 + -14
-2
What is the value of 7 - (2 + 25 + -5 + 3)?
-18
-17 + (-17 - (-24 + 12))
-22
Calculate -66 + 68 - (-26 + 4).
24
What is 19 + 9 - (-2 + 13 + -5)?
22
-1070 + 1066 - ((2 - 6) + -1 + 1)
0
What is the value of ((-26 - -21) + 1 - (0 + -10)) + -16?
-10
-152 + 160 + (0 - -6)
14
Evaluate -15 - (8 + -24 + -8).
9
Calculate -2420 - -2395 - (0 - -1 - -4).
-30
What is the value of -15 + 1 - (2 - -19 - 28)?
-7
What is 3 - (-3 - -9 - (-3 - 4 - -8))?
-2
Calculate -9 - (12 + (-30 - -20)).
-11
Evaluate 0 - 8 - (19 - (24 + 1)).
-2
What is -12 - (11 - (38 + 1))?
16
(-1 - 2) + (0 - (1 - 0)) - -8
4
Calculate (-23 - 0) + 102 + -78.
1
-13 + 2 - (-1079 - -1095)
-27
What is 32 + -5 - (-16 + 40)?
3
Evaluate -9 + (8 - 12) + 7 + (8 - 12).
-10
What is (4 + -3 + -12 + 6 - -5) + 3?
3
(19 - (-5 - -7)) + -8
9
What is (14 - (-5 + 11)) + 7 + -16?
-1
What is 19 - -10 - 68 - -16?
-23
What is (-11 - (-6 - -2)) + -2 + 5?
-4
What is (13 - (-2 - 17)) + -43?
-11
Calculate 10 + -8 - ((-6 - -7) + 1 + 4).
-4
Evaluate -49 - (-7 + (-1 - 29)).
-12
What is -40 - (-32 + (-34 - -55))?
-29
What is the value of 19 - 3 - 21 - (-1 + -6)?
2
Evaluate -6 + (-29 + 24 - (6 + 6)).
-23
Calculate (24 - 7) + -22 + (2 - 3) + -3.
-9
Calculate (-5 + 12 - (-2 - -2)) + (-16 - 7).
-16
-7 + (1 - 8) + -1 + 21
6
Calculate (8 + (8 - 9) + -14 - -15) + 0.
8
Evaluate -5 - ((11 - (-3 - (-14 - 2))) + 21).
-24
What is (5 - -3) + -3 + (4 - 5 - 1)?
3
Calculate (4 - -5 - -7 - (0 - 9)) + -4.
21
(5 - 12) + 8 + -4 + 2 - -18
17
Evaluate -13 + 33 + (-18 - -24).
26
Evaluate (-8 - (-2 + 0)) + -55 + -11 + 61.
-11
Calculate (-8 - (-5 + -4 + 1)) + (-3 - 1).
-4
(0 + -6 - (4 + -4)) + (-63 - -72)
3
Calculate (4 - 0 - 0) + 12 + (-13 - 13).
-10
Calculate -2 + 12 + 8 + -3 + 0 + -10.
5
What is the value of 16 - 27 - 2 - -28?
15
Evaluate -8 + (4 - (-5 + (15 - 5))).
-9
What is 10 + (8 + -12 + -3 - -6)?
9
What is (74 - 80) + 10 + (1 - 5)?
0
Calculate 13 - (-11 - (32 + -52)).
4
What is -3 + 42 + 118 + -123 - 16?
18
What is 7 - ((10 - 4) + -5 - (23 + -20))?
9
(1 - (-5 + 5) - 5) + -1 - 17
-22
What is the value of (18 - -1) + -15 + (-10 - 1 - -22)?
15
What is (-13 - (-5 - 3)) + 5 - -8?
8
Calculate 8 + 1 - (504 - 471).
-24
What is the value of 162 + -172 - (-9 - 13)?
12
Evaluate -13 - ((10 + -6 - -7) + -16).
-8
Evaluate 14 - -1 - (-88 - -108).
-5
What is the value of (-4 - 2) + 0 - (-34 - (-47 + 23))?
4
0 - 10 - (-8 + 4 - 2)
-4
Calculate 30 + -43 - (1 - ((-2 - 3) + 2)).
-17
What is 3 + (-22 - 0) + (-13 - (5 - 11))?
-26
Calculate -22 - (-15 + (-27 - -31)).
-11
Calculate (18 - -17 - 46) + -1 + 10.
-2
Calculate (-3 - 28) + 7 - -15.
-9
What is (-35 - (-34 - -11)) + 10?
-2
What is (0 - 10) + (-11 - -16)?
-5
What is the value of (13 - (-3 - -12)) + 8 + 4?
16
Calculate -35 - (-1 + -43 + -10).
19
What is the value of (-6 - -12) + -2 - (-88 - -104)?
-12
What is the value of -7 + 3 + 7 + (0 - 31)?
-28
What is -44 - (31 + 46 + -83)?
-38
What is the value of -40 - 7 - (-168 + 133)?
-12
What is 9 - (4 - 12 - -24)?
-7
What is 2 + 4 + (-14 - -16) - -1?
9
Evaluate -11 + (-7 - 2 - (2 - 17)).
-5
Calculate 17 + -9 - 5 - (-2 - -13).
-8
67 + -73 + (2 - 13)
-17
Calculate 5 + -13 + 7 + 21.
20
Calculate (-2 - (-1 - -4)) + -1 - (-2716 + 2711).
-1
Evaluate (-1 - -3) + 5 - ((34 - 25) + -19).
17
Evaluate -13 + 1 + (-7 - -10 - -13).
4
-2 - 23 - ((20 - -11) + -39)
-17
-28 + (16 - 0) - -23
11
Evaluate 9 + -9 + (-10 - (15 - 28)).
3
Calculate 12 + -25 + (4 - 9 - -9).
-9
(17 - 10 - 8 - 8) + -10
-19
What is the value of (0 - 7) + (-14 - -12) + 7?
-2
Evaluate -28 + 31 - (-7 - (0 - -1)).
11
What is (-3 - (-6 + 4 + -1)) + (111 - 114)?
-3
Calculate -15 + 4 - (37 + -71).
23
Calculate 15 - ((0 - 4 - -3) + -3 - -12).
7
Calculate 4 - ((0 -